a. Suppose 2 = j + 4, -4*q + 5*j + 58 = 0. Calculate the highest common divisor of q and a.
12
Suppose 5*g - 18 = -g. Let o be -3 - (g + (3 - 31)). What is the highest common factor of o and 110?
22
Let d = -66 + 25. Let x = d - -58. Let p = 35 + -18. What is the greatest common divisor of x and p?
17
Let q(j) = -4*j - 2. Let u(t) = 4*t + 1. Let p(g) = 5*q(g) + 4*u(g). Let y be p(-5). What is the highest common divisor of y and 42?
14
Suppose 2*r - 312 - 62 = 0. Let z = r + -57. Calculate the greatest common divisor of 26 and z.
26
Let q = -13 - -6. Let t(y) = -y**3 - 6*y**2 + 6*y - 4. Let x be t(q). Let l(f) = 3*f**2 + 6. Let j be l(3). Calculate the highest common divisor of x and j.
3
Suppose -y = -4*a - 13, y = a + 2*a + 16. What is the greatest common divisor of 10 and y?
5
Let q be (20 - -5) + (-2)/2. What is the highest common factor of 60 and q?
12
Suppose -b + 22 = -17. Suppose -2*s + 17 = -9. Calculate the highest common factor of s and b.
13
Let c = -77 - -78. Calculate the greatest common divisor of c and 9.
1
Suppose -583 = -5*i - 2*u, i - 2*u - 470 = -3*i. Suppose -2*v = 4*n - 51 - i, 5*n - 4*v = 184. Calculate the greatest common factor of n and 10.
10
Let n(x) = -x**3 + 8*x**2 - 2*x + 5. Let m be n(8). Let f = m - -17. Calculate the greatest common factor of f and 30.
6
Suppose -52 = -c - 0*c. What is the greatest common divisor of c and 13?
13
Let d be ((-7)/3 - 1)*-18. Suppose -300 = -2*o + 6*o. Let p = -51 - o. What is the highest common divisor of d and p?
12
Let z = 53 + 67. Let o(f) = -15*f. Let y be 3/(-2)*2/3. Let c be o(y). Calculate the highest common factor of c and z.
15
Suppose 4 = 3*g + 4*r, -r + 2*r + 22 = 5*g. Suppose 95 = 5*n + 2*v, 1 = -v - g. What is the greatest common factor of n and 3?
3
Suppose 3*y - 2*y - 13 = 0. Calculate the greatest common divisor of y and 52.
13
Suppose 6 = 6*v - 4*v. Let f be 12/(v - (-516)/(-176)). Calculate the greatest common factor of f and 16.
16
Suppose c = -2*s + 13, -2*c + 79 = 3*c - 4*s. What is the highest common divisor of c and 165?
15
Let r(b) = -b**2 - 9*b - 5. Let n be ((-2)/5)/((-3)/(-60)). Let g be r(n). Suppose g*s = -s + 484. Calculate the highest common divisor of 11 and s.
11
Let t be -1*(-38)/1 + (0 - 2). What is the greatest common divisor of 4 and t?
4
Suppose -2*r - 3*a + 22 = 0, -5*a = -6*r + 2*r + 88. Let u(w) = -7*w + 6*w + 2 + 5*w + 7*w. Let i be u(6). What is the greatest common factor of r and i?
17
Suppose x - 3*x = -54. Suppose -5*d = -3*d + 10, i - d - x = 0. What is the greatest common factor of 55 and i?
11
Suppose 6*o - 7*o = 0. Suppose -5*r + 4*r + 16 = o. Calculate the highest common divisor of r and 4.
4
Let f(r) = -r**3 - r**2 + 3*r + 3. Let k be f(-2). Calculate the highest common factor of 4 and k.
1
Suppose -3*z - 3*y = -z - 125, -4*y + 130 = 2*z. Let n = 24 + -13. Calculate the highest common factor of z and n.
11
Suppose -2 = -v + 63. Calculate the greatest common divisor of v and 13.
13
Let z(x) = x + 9. Let w be z(-4). Let y = 9 - w. What is the highest common divisor of y and 16?
4
Suppose -27 = -3*c - 7*h + 2*h, -4*c + 2*h = -10. Calculate the greatest common divisor of c and 2.
2
Let x = -55 + 118. Let q(r) = r + 15. Let a be q(-8). What is the highest common factor of a and x?
7
Let u = -25 + 75. Suppose -4*y - y + u = 0. Let t(z) = -z + 21. Let q be t(11). Calculate the highest common factor of q and y.
10
Let w(k) = k**2 - 5*k + 3. Suppose z - 4*z = -3*s, -z - 4*s = -25. Let h be w(z). What is the highest common factor of 24 and h?
3
Let z(d) = -d**3 + 4*d**2 - d - 2. Let i(s) = s**2 - 2. Let o be i(2). Let q be z(o). Calculate the highest common divisor of q and 2.
2
Suppose -48 - 13 = -4*m - t, t = -5*m + 75. What is the greatest common factor of m and 56?
14
Let u be (-4)/16 - (-45)/4. Suppose 0 = 2*m + 4*x - 254, 0*x = 2*m + x - 245. What is the greatest common divisor of u and m?
11
Suppose 109 + 341 = 5*z. Calculate the highest common factor of z and 10.
10
Suppose -c + 0*c + m = 0, 5*c + m - 6 = 0. Let z = 2 + c. Let s(r) = 7*r**2 - r + 4. Let l be s(z). What is the greatest common factor of 16 and l?
16
Let g = 5 - 9. Let t = 4 - g. What is the highest common factor of t and 24?
8
Suppose 0*a - 16 = 5*f - 4*a, 0 = -f - a + 4. Suppose f = -w + 8 - 0. Calculate the greatest common divisor of 20 and w.
4
Suppose 15*t - 276 = 144. Let j be 12/(1 + (-5)/7). What is the highest common factor of t and j?
14
Let r be (-3)/((-3)/119)*(-3)/(-1). What is the greatest common factor of 51 and r?
51
Let i(m) = 2*m - 19. Let f be i(14). What is the highest common divisor of f and 63?
9
Suppose -8*i + 180 = i. Calculate the highest common factor of 70 and i.
10
Let t be 7 + (2*3)/(-3). Suppose t*f - 28 = -3. Let m = f + -2. Calculate the highest common factor of m and 3.
3
Suppose -3*s + s = -8, -3*r + 679 = s. What is the greatest common divisor of 25 and r?
25
Let u be 3 + -3 + 36 + 2. What is the highest common divisor of 57 and u?
19
Let u = -147 + 224. Let y(q) = 5*q - 1. Let n be y(4). Suppose -n*m - 7 = -20*m. What is the highest common divisor of m and u?
7
Let q(p) = -p**2 - 16*p + 24. Let r be q(-17). What is the greatest common factor of 14 and r?
7
Let f(d) = -d**2 + d - 4. Let p be f(0). Let n be (6*-2)/(p + 3). Calculate the greatest common divisor of 6 and n.
6
Suppose 3*l = -5*c + 39 + 52, 5*c - 5*l - 115 = 0. Suppose 0 = -3*j - j + c. Calculate the greatest common divisor of 35 and j.
5
Let z = -66 + 66. Let f(g) = -g. Let o be f(-3). Let k = o - z. What is the greatest common divisor of k and 9?
3
Let w be 6*(10/6 + 1). Let t(g) = -g**2 - 23*g - 38. Let m be t(-21). What is the highest common factor of m and w?
4
Suppose 3*c = -6, -c + 0*c + 13 = -5*p. Let b be (-1)/p*(24 - 15). Calculate the highest common factor of b and 33.
3
Let d(q) = q**2 + 13*q + 12. Let y be d(-15). Let i be (-81)/9*(-2)/3. What is the highest common factor of y and i?
6
Suppose 2*y - 26 - 40 = 0. Calculate the highest common divisor of 3 and y.
3
Let b be (1 - -84) + 2/(-2). Calculate the greatest common divisor of 12 and b.
12
Suppose -6*w + 337 = -251. Calculate the highest common divisor of 147 and w.
49
Suppose 0 = 4*w - 4*b - 8, -2*b = -w + 6*w - 38. Calculate the greatest common factor of w and 15.
3
Let o = -16 - -26. Let n = 241 - 132. Let x be (-4)/(-8 - -4) + n. Calculate the highest common divisor of o and x.
10
Let j be 15/3 - 4/2. Suppose -4*t = -4*l + 8, -5*l + j*t = -l - 12. Let c be 7 - 5/((-15)/l). Calculate the highest common divisor of c and 18.
9
Suppose 2*y + 3*k - 11 - 2 = 0, 5*k = -y + 3. Calculate the greatest common factor of 88 and y.
8
Let z(l) = -l**2 - 16*l + 16. Let b be z(-16). Calculate the greatest common factor of b and 40.
8
Let v = 30 - 15. Let g(q) = q**2 - 3*q - 3. Let i be g(6). What is the greatest common factor of v and i?
15
Suppose -3*b = 4*h - 272, 3*b = 2*h - h + 262. Let v(n) = n**2 - n - 1. Let c = 9 + -5. Let a be v(c). What is the greatest common factor of b and a?
11
Suppose -3*d + 16 = -d. Let h be (2 + -3 + 2)*-2. Let f be (14 + -2)/((-3)/h). Calculate the highest common factor of f and d.
8
Suppose t - 6*t = -125. Suppose -c - 3*c = -700. What is the highest common factor of t and c?
25
Let d(m) = 140*m**2 - m. Let p be d(1). Suppose 2*v = 239 + p. What is the greatest common divisor of 21 and v?
21
Suppose 3*k - 50 = -2*k. Suppose k*j - 5*j = -3*h + 92, -3*j + h + 44 = 0. What is the highest common divisor of j and 16?
16
Suppose -3*x + 3*c + 105 = 27, c - 26 = -x. Suppose -130 + x = -4*v. Calculate the highest common factor of v and 65.
13
Let r(d) = 3*d + 1. Let b be r(1). Let t be (-50)/(-14) - 3/(-7). Suppose -2*v + 4*j = -24 - 4, -t*v = -2*j - 50. What is the greatest common factor of v and b?
4
Let r(m) = m**2 - m - 8. Let w be r(-4). What is the highest common factor of 30 and w?
6
Suppose 0 = -0*a - 3*a + 18. Suppose -2*g + g = -3. What is the greatest common divisor of g and a?
3
Suppose 6*z - 2*z - 12 = 0. Let c = -59 + 77. What is the greatest common divisor of c and z?
3
Let w = 32 + -23. Suppose 2*y - 4*h - 6 = h, -y - 3*h = -3. What is the greatest common divisor of w and y?
3
Let j = -6 + 13. Suppose 5*k + 7 + 2 = -4*v, -j = -3*v - k. Let w be -2 - (-6*1)/2. Calculate the